hat is 359a + 252?
3841
In base 12, what is 31 - -4830?
4861
In base 8, what is 13301733 + -3?
13301730
In base 15, what is -de5e - c4?
-e033
In base 3, what is 1022201220 + 1200111201?
10000020121
In base 3, what is -222112212220010101 - -2?
-222112212220010022
In base 14, what is 95b62b - 1?
95b62a
In base 8, what is 6032 + -75755?
-67723
In base 8, what is -4121 + 710242?
704121
In base 16, what is -17eb - -6f4f?
5764
In base 4, what is 11 + -30102322222?
-30102322211
In base 10, what is -1 - -18003474?
18003473
In base 12, what is -618 + 1b154?
1a738
In base 9, what is 544783 + 10?
544803
In base 16, what is -5627 + 248a?
-319d
In base 2, what is 100111001011111 + -1000?
100111001010111
In base 2, what is -11111100 + 110111111100010?
110111011100110
In base 4, what is 10233232330331 + 1?
10233232330332
In base 3, what is 1220001121021012 - -11?
1220001121021100
In base 16, what is -6 - 16f1cfe?
-16f1d04
In base 2, what is -1101011001001101110 + 1110011111?
-1101010111011001111
In base 10, what is -36892064 + 2?
-36892062
In base 2, what is 101000000101010111111011 + 1001?
101000000101011000000100
In base 14, what is -c + c88db?
c88cd
In base 3, what is -1 + 222002010222211?
222002010222210
In base 10, what is 1447 + 206861?
208308
In base 10, what is -55020174 + 1?
-55020173
In base 15, what is 707a9b + 2a?
707ac6
In base 2, what is 10001101010011010110110111 + -11?
10001101010011010110110100
In base 9, what is 5113503 - -45?
5113548
In base 5, what is 3314044010142 + -4?
3314044010133
In base 2, what is -111001 - 110000110110011011?
-110000110111010100
In base 14, what is -564234c - 2?
-5642350
In base 4, what is 100 - -13112131021?
13112131121
In base 8, what is -23763035 - 7?
-23763044
In base 12, what is -31 + 87253?
87222
In base 16, what is -db - -c811?
c736
In base 3, what is 12 + -21001001001012112?
-21001001001012100
In base 14, what is 3a8 - 6c9c?
-68d4
In base 10, what is -43457 + -98?
-43555
In base 9, what is 437157 + -34?
437123
In base 10, what is 2 + 2756420?
2756422
In base 10, what is 143 + -171773?
-171630
In base 16, what is 198 - 104f?
-eb7
In base 9, what is 1778757048 - 2?
1778757046
In base 16, what is 13cbc0d + 2?
13cbc0f
In base 13, what is -29 + 2acb4c?
2acb23
In base 7, what is -14626 + -15546?
-33505
In base 9, what is -2 + -1308280?
-1308282
In base 9, what is -1125 - 112472?
-113607
In base 11, what is -116743 - 26?
-116769
In base 11, what is -2 - -7348510?
7348509
In base 9, what is 23 + 800575?
800608
In base 16, what is -3 + cc556?
cc553
In base 15, what is -3a010b + 4?
-3a0107
In base 4, what is -30 - -1202102000?
1202101310
In base 3, what is -1 - -100200201102000011?
100200201102000010
In base 12, what is 179 + -345216?
-345059
In base 13, what is -5a0793 + -5?
-5a0798
In base 12, what is -3a26aa6 + 59?
-3a26a49
In base 14, what is 14 - -16782b?
167841
In base 8, what is -54527 - -1052?
-53455
In base 16, what is 1982 + 8b8?
223a
In base 12, what is -96989a8 - 0?
-96989a8
In base 16, what is -36b3b - -7f8?
-36343
In base 7, what is 5 - 221435356?
-221435351
In base 9, what is 1628238 + -277?
1627851
In base 7, what is 0 - -155406011?
155406011
In base 7, what is 103 + -103252024?
-103251621
In base 11, what is 69a5 + -498?
6508
In base 4, what is 10 - 1311232323100?
-1311232323030
In base 15, what is 6 + -4b66e?
-4b668
In base 15, what is -34d1a7 - -a?
-34d19c
In base 10, what is 14128 + -10505?
3623
In base 9, what is -13645 - 3803?
-17548
In base 9, what is -4 + 2612815?
2612811
In base 9, what is -4718 + -1068?
-5787
In base 13, what is 727c3a - -51?
727c8b
In base 8, what is 372716 + -5710?
365006
In base 8, what is -2 - 560665762?
-560665764
In base 2, what is 10010011011101100011111101010 - -10?
10010011011101100011111101100
In base 9, what is -232676834 - 3?
-232676837
In base 12, what is -217053 + 483?
-216790
In base 14, what is -1b429c - 8?
-1b42a6
In base 6, what is 14035 - 41542?
-23503
In base 8, what is 441 - 1517254?
-1516613
In base 12, what is -11247 + -19?
-11264
In base 15, what is 3e819 - 77d?
3e08b
In base 14, what is -4b92 - -1b48?
-3048
In base 14, what is 4c3883 - 5?
4c387c
In base 16, what is -3 + -2e1ce6f?
-2e1ce72
In base 3, what is -11 - -20001011020211?
20001011020200
In base 12, what is 287798 + -a17?
286981
In base 8, what is -10125056 + 5?
-10125051
In base 9, what is -32514104 + 8?
-32514085
In base 5, what is 2 - 13201431144?
-13201431142
In base 12, what is 34b89b - -66?
34b945
In base 8, what is 113 + -35553654?
-35553541
In base 7, what is 6222250042 + -3?
6222250036
In base 12, what is -296 + -33aab?
-34185
In base 8, what is -6636 + -3126?
-11764
In base 10, what is 795877 - -27?
795904
In base 13, what is -13 + 38419?
38406
In base 11, what is 3 + -5262571?
-5262569
In base 5, what is -111 - 304230100?
-304230211
In base 10, what is -49501 - 152?
-49653
In base 10, what is 1 - 12070571?
-12070570
In base 11, what is 10309 + 88?
10396
In base 13, what is -80b99964 - -5?
-80b9995c
In base 16, what is -4c + -37babc?
-37bb08
In base 7, what is -5 - 1046523243?
-1046523251
In base 10, what is 6143 - 44222?
-38079
In base 12, what is 2 + -1162576?
-1162574
In base 7, what is 666 - -200524?
201523
In base 14, what is 4c9 - -1d44bc?
1d49a7
In base 7, what is -3112055 + 244?
-3111511
In base 3, what is -11112 + -1101122011?
-1101210200
In base 8, what is 2 - -5443765?
5443767
In base 4, what is 1033121101001 - 11?
1033121100330
In base 7, what is 20442511 + -2?
20442506
In base 13, what is -3252 - c108?
-1235a
In base 3, what is -2021 - 101022022?
-101101120
In base 15, what is -14bceb - -50?
-14bc9b
In base 14, what is -6025dd2 + 5?
-6025dcb
In base 5, what is -124301244001 - 0?
-124301244001
In base 5, what is 2230410132 - -41?
2230410223
In base 7, what is -5 - -252100303?
252100265
In base 15, what is -160 + -5b9aa?
-5bb1a
In base 9, what is 36824 + -122?
36702
In base 15, what is 163 + -307b?
-2e18
In base 9, what is 200116 + 627?
200744
In base 13, what is -7b6c6 - 341?
-7ba37
In base 8, what is -30546 + 27357?
-1167
In base 5, what is -43322 + 10420?
-32402
In base 7, what is -1411300 + 60?
-1411210
In base 5, what is -1011310411331 + -2?
-1011310411333
In base 4, what is -120 + -2213013123?
-2213013303
In base 5, what is 2423 + 14003401?
14011324
In base 7, what is -4 - -216465113?
216465106
In base 16, what is -33d + -1906?
-1c43
In base 4, what is 102112200213 + -12?
102112200201
In base 14, what is 13 + 576b0?
576c3
In base 9, what is 124327 + 282?
124620
In base 8, what is 5 - 203257314?
-203257307
In base 2, what is -1110010000 - 100111010011?
-110101100011
In base 10, what is -28254 + 389?
-27865
In base 10, what is 806402 - 34?
806368
In base 7, what is -4040 + 113123?
106053
In base 6, what is -214000053432 + -3?
-214000053435
In base 4, what is -11 - -23321322211023?
23321322211012
In base 3, what is 10200 + 102200200222?
102200211122
In base 7, what is 1314144 + 1035?
1315212
In base 12, what is 1967 - -7b4?
255b
In base 15, what is 25c + 10ca3?
11010
In base 10, what is 31 - 66627?
-66596
In base 3, what is 1 - 100120202111202?
-100120202111201
In base 10, what is 5 + -1321591?
-1321586
In base 6, what is -3250330435 + -1?
-3250330440
In base 5, what is -1024 + -2430111?
-2431140
In base 12, what is 2 + -550baa56?
-550baa54
In base 9, what is 3 - -4372020?
4372023
In base 16, what is da4a2 + 5?
da4a7
In base 4, what is 12330 - -10022123003?
10022201333
In base 6, what is 114403 + -501010?
-342203
In base 14, what is 7b57 + -11a?
7a3b
In base 8, what is 24077053 - -1?
24077054
In base 9, what is -4 - -16278536?
16278532
In base 3, what is 10110002110212202 + 10?
10110002110212212
In base 12, what is 283 + -169673?
-1693b0
In base 3, what is -1211102202 + 1211?
-1211100221
In base 11, what is -5 + -1006924?
-1006929
In base 16, what is -c8b + -15c?
-de7
In base 6, what is 451 + -4141134?
-4140243
In base 15, what is -1 - 3ee081b?
-3ee081c
In base 9, what is 1573686 + -3?
1573683
In base 12, what is b13038 - -2?
b1303a
In base 7, what is 11640 + -113055?
-101115
In base 5, what is -2 + -121204302220?
-121204302222
In base 14, what is -100 - 62390?
-62490
In base 8, what is 0 - 5215352?
-5215352
In base 12, what is -132 - -49b16?
499a4
In base 3, what 